{"id":10,"date":"2018-03-13T20:15:23","date_gmt":"2018-03-13T20:15:23","guid":{"rendered":"http:\/\/muzeumwody.pl\/?page_id=10"},"modified":"2023-08-22T21:41:36","modified_gmt":"2023-08-22T21:41:36","slug":"kontakt","status":"publish","type":"page","link":"https:\/\/muzeumwody.pl\/index.php\/kontakt\/","title":{"rendered":"Kontakt"},"content":{"rendered":"<p style=\"text-align: center;\"><img loading=\"lazy\" decoding=\"async\" class=\"alignnone size-full wp-image-55\" src=\"http:\/\/muzeumwody.pl\/wp-content\/uploads\/2019\/12\/Adres.png\" alt=\"\" width=\"250\" height=\"201\" \/><\/p>\n<p style=\"text-align: center;\">Drodzy darczy\u0144cy &#8211; je\u015bli jeste\u015bcie zainteresowani wsparciem dzia\u0142alno\u015bci Muzeum Wody b\u0119dziemy wdzi\u0119czni za ka\u017cdy rodzaj pomocy.<\/p>\n<p style=\"text-align: center;\">Przekazanie przedmiot\u00f3w zwi\u0105zanych z tematyk\u0105 muzeum jest mo\u017cliwe po wcze\u015bniejszym kontakcie.<\/p>\n<p style=\"text-align: center;\">Wiadomo\u015bci prosz\u0119 kierowa\u0107 pod jeden z poni\u017cszych adres\u00f3w:<img loading=\"lazy\" decoding=\"async\" class=\"aligncenter wp-image-596 size-full\" src=\"http:\/\/muzeumwody.pl\/wp-content\/uploads\/2023\/08\/Zrzut-ekranu-2023-08-22-o-23.30.57-e1692739975617.png\" alt=\"\" width=\"233\" height=\"29\" \/><img loading=\"lazy\" decoding=\"async\" class=\"aligncenter wp-image-56 size-full\" style=\"text-align: center;\" src=\"http:\/\/muzeumwody.pl\/wp-content\/uploads\/2019\/12\/adres-e-mail-e1692740000417.png\" alt=\"\" width=\"228\" height=\"23\" \/><\/p>\n<p style=\"text-align: center;\">Darowizny przeznaczone na cele statutowe mog\u0105 Pa\u0144stwo odpisa\u0107 od podstawy opodatkowania.<\/p>\n<p style=\"text-align: center;\">Numer rachunku bankowego:<br \/>\n<img loading=\"lazy\" decoding=\"async\" class=\"alignnone size-full wp-image-57 aligncenter\" src=\"http:\/\/muzeumwody.pl\/wp-content\/uploads\/2019\/12\/numer-konta.png\" alt=\"\" width=\"475\" height=\"61\" srcset=\"https:\/\/muzeumwody.pl\/wp-content\/uploads\/2019\/12\/numer-konta.png 475w, https:\/\/muzeumwody.pl\/wp-content\/uploads\/2019\/12\/numer-konta-300x39.png 300w\" sizes=\"auto, (max-width: 475px) 100vw, 475px\" \/><\/p>\n<p style=\"text-align: center;\"><strong>Za wszelk\u0105 pomoc &#8211; z g\u00f3ry dzi\u0119kuj\u0119!<br \/>\n<img loading=\"lazy\" decoding=\"async\" class=\"alignnone size-full wp-image-597\" src=\"http:\/\/muzeumwody.pl\/wp-content\/uploads\/2023\/08\/Zrzut-ekranu-2023-08-22-o-23.36.51.png\" alt=\"\" width=\"142\" height=\"24\" \/><br \/>\n<\/strong><\/p>\n","protected":false},"excerpt":{"rendered":"<p>Drodzy darczy\u0144cy &#8211; je\u015bli jeste\u015bcie zainteresowani wsparciem dzia\u0142alno\u015bci Muzeum Wody b\u0119dziemy wdzi\u0119czni za ka\u017cdy rodzaj pomocy. Przekazanie przedmiot\u00f3w zwi\u0105zanych z tematyk\u0105 muzeum jest mo\u017cliwe po wcze\u015bniejszym kontakcie. Wiadomo\u015bci prosz\u0119 kierowa\u0107 pod jeden z poni\u017cszych adres\u00f3w: Darowizny przeznaczone na cele statutowe mog\u0105 Pa\u0144stwo odpisa\u0107 od podstawy opodatkowania. Numer rachunku bankowego: Za wszelk\u0105 pomoc &#8211; z g\u00f3ry &hellip; <a href=\"https:\/\/muzeumwody.pl\/index.php\/kontakt\/\" class=\"more-link\">Czytaj dalej <span class=\"screen-reader-text\">Kontakt<\/span><\/a><\/p>\n","protected":false},"author":1,"featured_media":207,"parent":0,"menu_order":0,"comment_status":"closed","ping_status":"closed","template":"","meta":{"_monsterinsights_skip_tracking":false,"_monsterinsights_sitenote_active":false,"_monsterinsights_sitenote_note":"","_monsterinsights_sitenote_category":0,"footnotes":""},"class_list":["post-10","page","type-page","status-publish","has-post-thumbnail","hentry"],"_links":{"self":[{"href":"https:\/\/muzeumwody.pl\/index.php\/wp-json\/wp\/v2\/pages\/10","targetHints":{"allow":["GET"]}}],"collection":[{"href":"https:\/\/muzeumwody.pl\/index.php\/wp-json\/wp\/v2\/pages"}],"about":[{"href":"https:\/\/muzeumwody.pl\/index.php\/wp-json\/wp\/v2\/types\/page"}],"author":[{"embeddable":true,"href":"https:\/\/muzeumwody.pl\/index.php\/wp-json\/wp\/v2\/users\/1"}],"replies":[{"embeddable":true,"href":"https:\/\/muzeumwody.pl\/index.php\/wp-json\/wp\/v2\/comments?post=10"}],"version-history":[{"count":8,"href":"https:\/\/muzeumwody.pl\/index.php\/wp-json\/wp\/v2\/pages\/10\/revisions"}],"predecessor-version":[{"id":598,"href":"https:\/\/muzeumwody.pl\/index.php\/wp-json\/wp\/v2\/pages\/10\/revisions\/598"}],"wp:featuredmedia":[{"embeddable":true,"href":"https:\/\/muzeumwody.pl\/index.php\/wp-json\/wp\/v2\/media\/207"}],"wp:attachment":[{"href":"https:\/\/muzeumwody.pl\/index.php\/wp-json\/wp\/v2\/media?parent=10"}],"curies":[{"name":"wp","href":"https:\/\/api.w.org\/{rel}","templated":true}]}}